 2 - (8 + -1 + 3 - -5)?
-16
What is -8 - (-10 - (2 + -9)) - (-1 + -16)?
12
Calculate -1 - (-2 + -9 - -12 - (7 + 2)).
7
What is the value of (-50 - -39) + 45 + (3 - (10 - 1))?
28
Evaluate (3 - 7 - 1) + (-192 - -216).
19
What is -3 - (11 + -11 + -8 + 2)?
3
Evaluate 9 - 6 - 20 - -11.
-6
Evaluate 2 + 3 + -3 + (19 - 4) + -9.
8
4 + -1 + (0 - 0 - (140 + -136))
-1
What is the value of 4 + 16 + -27 - -17?
10
What is 0 + -2 + (-2 + -7 - -7) + 5?
1
Calculate (14 - 7 - 6) + 4.
5
What is -18 + 13 + -4 + -11 - (-4 - 0)?
-16
Evaluate 130 + -159 - (-2 + -7 + (-6 - -7)).
-21
Evaluate 59 + -69 + 0 + 0 - 6.
-16
Calculate -32 + 0 + -159 + 174.
-17
What is -5 + 1 + 11 + -3 + 1?
5
What is the value of -10 - (((-13 - -6) + -4 - -7) + 10)?
-16
Evaluate -15 + 2 + (46 - 25).
8
What is the value of (47 - 62) + 11 + -1?
-5
3 + -2 + 1 + (-18 - -26) + -8
2
Evaluate 9 - (-19 - -9) - 11.
8
Calculate 9 - -9 - -21 - 6 - (5 - -1).
27
Evaluate (-3 + -13 - -10 - -3) + -7.
-10
What is 6 + (21 - 28) + 3?
2
What is the value of -1 + (-7 - -4 - (5 + -5))?
-4
-25 + (10 - (11 + -19))
-7
What is the value of 6 - (6 + 2 + 35 + -40)?
3
18 + -32 + (4 + -5 - -4) + 0
-11
What is ((-6 + -6 - -6) + -4 - -3) + 2?
-5
Evaluate 1 + -30 + (60 - 40).
-9
0 + -1 + (-32 - -25) + 3 + -3
-8
(-7 - -9) + -6 + (-1 + -2 - -9)
2
Evaluate 12 + (0 - 12) + 2 + -9 + 0.
-7
Calculate 4 + (-16 - -42) + -18.
12
What is the value of 42 + -34 + 2 + -3?
7
Evaluate -4 + -2 + (-4 - -5) - 8.
-13
What is the value of -1 + 3 + 1 + (-4 - (2 + 4))?
-7
What is the value of 2 + -4 + 12 + -4 + 2 + -4?
4
Evaluate 22 + (1 - ((-21 - -30) + -6 + 0)).
20
What is -7 - (-22 + -12 + 22)?
5
Evaluate (-1 - 20) + -10 + 18 - -28.
15
What is the value of 0 + -1 + 8 - (209 + -205)?
3
Evaluate -2 - (11 - (7 - -4 - 2)).
-4
What is the value of (2 + 0 - 15) + (-257 - -246)?
-24
Calculate -1 - -1 - (35 + (25 - 60)).
0
Evaluate 10 + -6 + (-7 - -6).
3
8 + 1 + 4 - (-6 - (0 + -8))
11
What is (-49 + 31 - -35) + (6 - -3)?
26
Evaluate (-39 - -81) + (-17 - -1).
26
What is the value of 4 - 6 - (-1 + (0 - -1) - -5)?
-7
Evaluate (1 - 3) + (46 - 44).
0
What is the value of -14 + 16 + 4 + 0?
6
Evaluate -189 - -198 - (0 - -8).
1
What is the value of -1 - 6 - (-86 - -75)?
4
Evaluate (-15 + 25 - 8) + (-1 - -10) + -6.
5
Evaluate (-6 + 5 - (0 - 4)) + (84 - 74).
13
Calculate 19 + -32 + 17 - 6.
-2
Evaluate 12 - (21 + (4 - 6) - (4 + 5)).
2
What is the value of (-6 - -4 - -20) + -1 + -1 + 3?
19
Evaluate 15 - ((-6 - -24) + -6).
3
Calculate 1 - -1 - (57 + -16 + -49).
10
Evaluate -3 + 6 + -8 + (-5 + 6 - 3).
-7
What is 9 - (30 - (-10 - (0 - 11)))?
-20
Evaluate (-4 + 29 - (3 - (-7 - 0))) + -10.
5
What is the value of -10 - 8 - -28 - 5?
5
Calculate 13 - (12 + (-38 - -12) + 13).
14
What is 17 - (-15 + 7 + 2) - (2 - 2)?
23
Evaluate 147 - 150 - (-4 - 15).
16
What is 2 + (1 - -4 - 18) + -8 + 13?
-6
Calculate 18 + -6 + 4 + -14.
2
What is 9 + -11 + (11 - 1) - -13?
21
Calculate -25 + (-4 + 7 - 3) + (2 - -2).
-21
Evaluate -10 + (1 - -8 - 2) + -6.
-9
Evaluate 15 + 5 + -15 + -11 + 1.
-5
Calculate 11 - (-13 + 12 - -22).
-10
What is the value of -2 + -1 + -94 + 109 + -4 - -24?
32
Evaluate (38 - 23 - 26) + 0 + -24.
-35
Evaluate (0 - -2) + 1 - (-29 - (-39 - -11)).
4
(1 - 28) + -11 + 31
-7
13 + 6 - (31 + -27 + (0 - -5))
10
Evaluate 8 - ((5 - -22) + -16 + (-1 - 1)).
-1
-19 - ((-3 - -5 - (1 - 8)) + -8)
-20
What is -39 - (-22 - (26 - 14))?
-5
Evaluate -76 + 69 + (-2 - (-19 - 1) - 3).
8
12 + (-21 - -9 - 14)
-14
What is (-5 - (-7 + 8)) + -8 + 12?
-2
Calculate (-7 - (-36 + 32)) + -16.
-19
What is the value of -9 - 5 - 1 - (-8 + -3 - -11)?
-15
2 - (-15 + (-15 - -46))
-14
Evaluate 32 - (11 + 21 - 23).
23
-3 + (-8 - ((-4 - -7) + 2) - -8)
-8
Calculate 11 + -3 - 15 - (-1 + 0) - 0.
-6
What is 7 - 2 - (-8 - -4 - -36) - -8?
-19
2 + -3 + -4 + (-1 - 11 - -8)
-9
Calculate (8 - (13 - 9)) + (2 - 6).
0
What is (-2 - 0) + 5 + -310 + 301?
-6
Evaluate -9 + 10 - ((21 - -5) + -7).
-18
What is 18 + 14 + -8 + -1 + -8?
15
Calculate -9 + -5 + 4 + (7 - -10 - -10).
17
Evaluate (2 - (-2 - -8)) + (-4 - (-2 + 0)).
-6
What is the value of (21 - 12) + -14 + -5 + 1 + 11?
2
Calculate 2 + (-6 - -2 - (13 - 5)) + 3.
-7
What is 3 - (4 - (-6 + 4) - 4 - 6)?
7
Evaluate -1 - (9 - (10 + -6) - 1 - -2).
-7
What is 1 + -4 - (26 - 7 - 26)?
4
What is the value of (-6 - (3 - 4)) + 5 + (1 - 2)?
-1
Calculate (-18 - -2) + (-7 - -21) + -5.
-7
What is the value of -7 - (21 + -12 + -7)?
-9
7 + 18 + -8 + 0 - -4
21
Evaluate (-10 - -19 - 15) + 20.
14
Evaluate 8 - 0 - (66 - 51).
-7
What is (8 - 22) + 26 + -19?
-7
What is the value of (8 - 5) + -7 + 13 + 1 + -1?
9
Evaluate -2 - -5 - -1 - (1 + (10 - -4)).
-11
What is the value of (-103 - -105) + -2 + -17?
-17
What is the value of (49 - 59) + (0 - 2) - -25?
13
Evaluate -1 + 3 + -17 + (22 - 18 - -8).
-3
Calculate -1 - (20 - (5 - -3)).
-13
Evaluate -21 - 0 - (-58 - -54).
-17
1 + -5 - (-73 + -10 + 67)
12
Evaluate (8 - 1) + (21 - 14) + -26.
-12
-493 - -543 - (0 - -30)
20
What is 9 + 4 + -14 + (23 - 16)?
6
What is the value of -7 - (-21 - (-35 - -16))?
-5
2 + -3 + -4 + (-27 - -13) + 16
-3
Evaluate 7 - 11 - (-20 + 34) - (-1 - 6).
-11
(27 - -10) + -13 - 12
12
What is the value of 61 + -47 - (8 + -1)?
7
Calculate 50 + -48 - (19 - -4).
-21
0 + -37 + -25 + 36
-26
What is 19 + -9 - 1 - (1 + 4)?
4
What is the value of 2 + -1 - (-1 - 14 - -5 - -3)?
8
Evaluate -23 - (-22 - -15) - -20.
4
What is (27 - 35) + 0 + 4 + 9 + 4?
9
Evaluate (40 - 53) + 5 - (-11 - 2).
5
What is (-6 - (2 - 6)) + (2 - 7 - 5)?
-12
(6 - 6) + (11 - 19 - -11)
3
Calculate 27 - ((3 - -10) + 3).
11
Evaluate (-56 - (-39 - -51)) + 36.
-32
(69 - 58) + (11 - 45)
-23
Calculate (0 - 2) + 7 - (-357 - -341).
21
What is (-5 - (4 + -4)) + -10 - -6?
-9
Evaluate -34 + 43 - (6 + 2 - (3 - 0)).
4
Evaluate 1 + -23 + 47 + -5.
20
4 - 3 - (-23 + 21 + 4 + 0)
-1
(2 - -29) + (20 - 65)
-14
What is 19 + (15 - 12) + -12?
10
Calculate 37 - (-27 + 57) - 39.
-32
Evaluate 20 + -7 - 20 - -12.
5
What is 7 - (17 - 3) - (-3 - (-7 - 1))?
-12
What is -15 + (3 - -23) + -21?
-10
Evaluate -10 - (-5 + (12 - 18)).
1
Calculate -10 - (-37 - -51 - (9 - 0) - 4).
-11
What is 9 - 5 - (21 + -34)?
17
Evaluate -21 + (2 - -18) - -8.
7
(-20 - -14 - -6) + (2 - 3) + -5
-6
What is the value of (20 - 1) + -4 + 21?
36
What is the value of -5 - -23 - (1 - 0) - (11 - 1)?
7
What is the value of 41 + -22 + 6 + (2 - 6)?
21
-15 - (26 + -70 + 43)
-14
Evaluate -14 + (11 - 4) + -4 - 3.
-14
What is (-2 - -8) + 42 + -38?
10
Calculate -17 + -12 + 33 + -3 + -3 - -13.
11
(61 - 60) + (1 - 38) - (-8 - 3)
-25
Evaluate -10 - ((-11 - -1) + 102 + -97).
-5
What is 3 + 15 + -19 + (0 - -3) + 3?
5
What is 32 + -3 - (-19 + 76)?
-28
What is 5 - (0 + -7 + -2 + 14)?
0
Calculate 4 + (7 - 13 - 5).
-7
What is -14 + 10 + 4 + -3 + 16?
13
What is the value of 5 + -43 - (16 + -30)?
-24
-25 - -3 - -25 - 21
-18
-6 + (-33 - -20 - -10)
-9
What is -8 + -1 + -3 - (-151 + 118)?
21
What is -12 + (3 - -2 - -1) + 0 - -15?
9
Calculate -2 - -2 - (-3 + 2 + 12 + -3).
-8
What is 0 + (-3 - (-1 + 0)) - (1 - 14)?
11
Evaluate -4 - (-8 + 0 + -2) - (-113 - -102).
17
-17 - (-40 - (0 + -20))
3
Evaluate 270 - 247 - (35 - 0).
-12
Calculate 19 - (-24 - -47) - -16.
12
Calculate 4 + -3 + 9 + 3 + -1 + -8.
4
1 + -6 - (19 + 3 + -11)
-16
Evaluate (2 - (-9 - -31)) + 13.
-7
-1 - -6 - (376 - 358)
-13
What is -6 - (7 + -3 + -1) - (-9 - -5)?
-5
What is the value of -11 + 15 + 10 + (0 - 1)?
13
What is 14 + (-11 - 5) - (3 - 25)?
20
What is the value of 13 + (-2 + 4 - 6) + (-17 - -21)?
13
What is 16 + -6 - ((-2 - -8) + 25)?
-21
Evaluate (-10 - (15 + -26)) + 22.
23
Evaluate 8 + 1 - (168 - 155).
-4
What is the value of ((-3 - -8) + -3 + -10 - 7) + 6?
-9
Evaluate 8 - (-7 + (10 - 1)) - 0 - 15.
-9
11 - (23 + 27 + -59)
20
What is the value of 12 + (-11 - (16 - 10))?
-5
12 + (-20 - (12 + 6)) + -12
-38
Evaluate 11 + -23 - 5 - (-1 + 1).
-17
What is 0 - 20 - (-15 - (21 + -18) - -19)?
-21
What is the value of 4 + (2 - (8 - (-13 + (13 - 9))))?
-11
What is the value of (-9 + (9 - 0) - -2) + 1 + 4?
7
What is the value of (18 - (32 - 7)) + -13?
-20
Evaluate (729 - 724) + (24 - 2).
27
Evaluate 13 + -9 + -11 + 11 - -20.
24
What is the value of 5 - (13 - (-7 + 13 - 12))?
-14
Calculate -21 - (9 - (-11 + 31 + (2 - 4))).
-12
-38 - -6 - -17 - -27 - 32
-20
What is the value of (-50 - -20) + (15 - -6